mainder when 1674 is divided by 19?
2
Calculate the remainder when 125 is divided by 26.
21
What is the remainder when 195 is divided by 55?
30
What is the remainder when 215 is divided by 18?
17
Calculate the remainder when 763 is divided by 51.
49
What is the remainder when 70 is divided by 24?
22
What is the remainder when 623 is divided by 148?
31
What is the remainder when 260 is divided by 44?
40
What is the remainder when 295 is divided by 96?
7
What is the remainder when 436 is divided by 116?
88
Calculate the remainder when 229 is divided by 48.
37
What is the remainder when 179 is divided by 30?
29
What is the remainder when 99 is divided by 32?
3
Calculate the remainder when 23132 is divided by 11.
10
Calculate the remainder when 1538 is divided by 77.
75
Calculate the remainder when 2620 is divided by 4.
0
Calculate the remainder when 129 is divided by 45.
39
What is the remainder when 68 is divided by 35?
33
Calculate the remainder when 185 is divided by 49.
38
Calculate the remainder when 415 is divided by 10.
5
What is the remainder when 250 is divided by 21?
19
Calculate the remainder when 2013 is divided by 14.
11
What is the remainder when 46 is divided by 16?
14
Calculate the remainder when 798 is divided by 14.
0
Calculate the remainder when 1742 is divided by 293.
277
Calculate the remainder when 322 is divided by 55.
47
What is the remainder when 757 is divided by 95?
92
What is the remainder when 124 is divided by 16?
12
What is the remainder when 13616 is divided by 267?
266
What is the remainder when 134 is divided by 63?
8
Calculate the remainder when 9023 is divided by 19.
17
What is the remainder when 51 is divided by 37?
14
Calculate the remainder when 196 is divided by 30.
16
What is the remainder when 692 is divided by 99?
98
What is the remainder when 567 is divided by 103?
52
Calculate the remainder when 157 is divided by 66.
25
What is the remainder when 7389 is divided by 28?
25
What is the remainder when 357 is divided by 32?
5
What is the remainder when 21526 is divided by 19?
18
Calculate the remainder when 966 is divided by 191.
11
Calculate the remainder when 740 is divided by 176.
36
What is the remainder when 193 is divided by 63?
4
Calculate the remainder when 200 is divided by 110.
90
What is the remainder when 892 is divided by 28?
24
What is the remainder when 549 is divided by 183?
0
What is the remainder when 4297 is divided by 153?
13
What is the remainder when 1977 is divided by 11?
8
Calculate the remainder when 50 is divided by 16.
2
What is the remainder when 3772 is divided by 24?
4
What is the remainder when 733 is divided by 49?
47
Calculate the remainder when 919 is divided by 449.
21
Calculate the remainder when 258 is divided by 110.
38
Calculate the remainder when 8373 is divided by 67.
65
Calculate the remainder when 852 is divided by 122.
120
Calculate the remainder when 430 is divided by 156.
118
What is the remainder when 398 is divided by 8?
6
What is the remainder when 331 is divided by 179?
152
Calculate the remainder when 228 is divided by 2.
0
Calculate the remainder when 5745 is divided by 213.
207
What is the remainder when 174 is divided by 46?
36
What is the remainder when 12 is divided by 10?
2
Calculate the remainder when 53 is divided by 21.
11
Calculate the remainder when 881 is divided by 294.
293
Calculate the remainder when 55 is divided by 14.
13
Calculate the remainder when 246 is divided by 123.
0
Calculate the remainder when 155 is divided by 33.
23
Calculate the remainder when 110 is divided by 97.
13
Calculate the remainder when 186 is divided by 39.
30
Calculate the remainder when 288 is divided by 103.
82
Calculate the remainder when 7075 is divided by 272.
3
Calculate the remainder when 249 is divided by 121.
7
Calculate the remainder when 639 is divided by 64.
63
Calculate the remainder when 171 is divided by 7.
3
Calculate the remainder when 1894 is divided by 95.
89
What is the remainder when 670 is divided by 110?
10
What is the remainder when 2326 is divided by 399?
331
What is the remainder when 118 is divided by 41?
36
What is the remainder when 5634 is divided by 1875?
9
Calculate the remainder when 846 is divided by 46.
18
What is the remainder when 59 is divided by 13?
7
What is the remainder when 163 is divided by 75?
13
What is the remainder when 261 is divided by 217?
44
What is the remainder when 167 is divided by 62?
43
Calculate the remainder when 1539 is divided by 7.
6
Calculate the remainder when 102 is divided by 13.
11
What is the remainder when 857 is divided by 39?
38
Calculate the remainder when 14 is divided by 4.
2
Calculate the remainder when 230 is divided by 49.
34
Calculate the remainder when 151 is divided by 45.
16
What is the remainder when 8143 is divided by 84?
79
What is the remainder when 166 is divided by 152?
14
What is the remainder when 846 is divided by 53?
51
What is the remainder when 1124 is divided by 373?
5
Calculate the remainder when 1015 is divided by 203.
0
What is the remainder when 23 is divided by 3?
2
Calculate the remainder when 96 is divided by 63.
33
Calculate the remainder when 2273 is divided by 116.
69
What is the remainder when 181 is divided by 174?
7
Calculate the remainder when 18392 is divided by 42.
38
Calculate the remainder when 306 is divided by 24.
18
Calculate the remainder when 8074 is divided by 19.
18
What is the remainder when 488 is divided by 49?
47
What is the remainder when 3393 is divided by 12?
9
What is the remainder when 21496 is divided by 10?
6
What is the remainder when 2266 is divided by 21?
19
What is the remainder when 1092 is divided by 44?
36
Calculate the remainder when 3066 is divided by 31.
28
What is the remainder when 1675 is divided by 17?
9
Calculate the remainder when 176 is divided by 64.
48
Calculate the remainder when 6321 is divided by 109.
108
Calculate the remainder when 983 is divided by 90.
83
Calculate the remainder when 149 is divided by 40.
29
Calculate the remainder when 226 is divided by 13.
5
Calculate the remainder when 198 is divided by 74.
50
Calculate the remainder when 2315 is divided by 61.
58
Calculate the remainder when 445 is divided by 28.
25
Calculate the remainder when 125 is divided by 6.
5
What is the remainder when 105 is divided by 39?
27
Calculate the remainder when 414 is divided by 26.
24
Calculate the remainder when 511 is divided by 171.
169
Calculate the remainder when 547 is divided by 17.
3
What is the remainder when 419 is divided by 7?
6
Calculate the remainder when 73 is divided by 25.
23
Calculate the remainder when 1477 is divided by 20.
17
Calculate the remainder when 471 is divided by 15.
6
What is the remainder when 114 is divided by 32?
18
What is the remainder when 4610 is divided by 27?
20
Calculate the remainder when 96 is divided by 21.
12
Calculate the remainder when 720 is divided by 103.
102
What is the remainder when 26678 is divided by 92?
90
Calculate the remainder when 103 is divided by 23.
11
What is the remainder when 261 is divided by 30?
21
What is the remainder when 5210 is divided by 13?
10
Calculate the remainder when 68 is divided by 14.
12
Calculate the remainder when 251 is divided by 7.
6
Calculate the remainder when 140 is divided by 11.
8
What is the remainder when 506 is divided by 167?
5
Calculate the remainder when 574 is divided by 45.
34
What is the remainder when 1192 is divided by 16?
8
Calculate the remainder when 2434 is divided by 2421.
13
Calculate the remainder when 177 is divided by 90.
87
What is the remainder when 156 is divided by 33?
24
Calculate the remainder when 52 is divided by 24.
4
What is the remainder when 263 is divided by 131?
1
What is the remainder when 522 is divided by 24?
18
Calculate the remainder when 184 is divided by 31.
29
What is the remainder when 333 is divided by 48?
45
Calculate the remainder when 110 is divided by 33.
11
What is the remainder when 83 is divided by 75?
8
Calculate the remainder when 58 is divided by 43.
15
Calculate the remainder when 313 is divided by 79.
76
Calculate the remainder when 83 is divided by 15.
8
Calculate the remainder when 31 is divided by 18.
13
What is the remainder when 6296 is divided by 50?
46
What is the